nder when 327949 is divided by 177.
145
What is the remainder when 189282 is divided by 198?
192
What is the remainder when 37404813 is divided by 587?
586
Calculate the remainder when 134498924 is divided by 67249462.
0
Calculate the remainder when 17165557 is divided by 52334.
5
Calculate the remainder when 12535777 is divided by 850.
827
What is the remainder when 113109 is divided by 111386?
1723
What is the remainder when 8240 is divided by 4083?
74
Calculate the remainder when 217913 is divided by 460.
333
Calculate the remainder when 711281 is divided by 1115.
1026
Calculate the remainder when 4476697 is divided by 276.
253
What is the remainder when 838845 is divided by 363?
315
Calculate the remainder when 633155 is divided by 105429.
581
Calculate the remainder when 715853 is divided by 318.
35
What is the remainder when 388369113 is divided by 1546?
1545
Calculate the remainder when 56668084 is divided by 5452.
5448
What is the remainder when 14103542 is divided by 335?
42
What is the remainder when 104553 is divided by 20909?
8
Calculate the remainder when 11017657 is divided by 355408.
9
What is the remainder when 18929 is divided by 3433?
1764
Calculate the remainder when 153557 is divided by 16999.
566
Calculate the remainder when 299023 is divided by 16603.
169
What is the remainder when 99113 is divided by 48645?
1823
What is the remainder when 43401066 is divided by 3307?
3305
Calculate the remainder when 7730635 is divided by 4643.
40
What is the remainder when 68269 is divided by 5854?
3875
What is the remainder when 2763218 is divided by 53?
10
Calculate the remainder when 60403 is divided by 2489.
667
Calculate the remainder when 13119997 is divided by 3280.
3277
What is the remainder when 5525525 is divided by 19320?
5
Calculate the remainder when 15409221 is divided by 176.
69
Calculate the remainder when 36927 is divided by 1019.
243
Calculate the remainder when 631305 is divided by 517.
48
Calculate the remainder when 100039 is divided by 24166.
3375
Calculate the remainder when 130158 is divided by 7652.
74
What is the remainder when 363246376 is divided by 561?
559
What is the remainder when 13199051 is divided by 4359?
4358
Calculate the remainder when 2951389 is divided by 501.
499
Calculate the remainder when 11448 is divided by 75.
48
What is the remainder when 5507593 is divided by 1081?
979
Calculate the remainder when 24696155 is divided by 8232050.
5
What is the remainder when 503790 is divided by 21?
0
What is the remainder when 1739926 is divided by 4847?
4700
Calculate the remainder when 250287171 is divided by 23.
21
Calculate the remainder when 938459 is divided by 8931.
704
Calculate the remainder when 2868253 is divided by 32.
29
What is the remainder when 5843615 is divided by 7049?
7043
Calculate the remainder when 74558065 is divided by 237.
235
Calculate the remainder when 14472 is divided by 3585.
132
Calculate the remainder when 30462883 is divided by 6505.
6473
What is the remainder when 1002578633 is divided by 18?
17
Calculate the remainder when 41581782 is divided by 13860590.
12
Calculate the remainder when 29340 is divided by 1397.
3
Calculate the remainder when 117943026 is divided by 146.
138
Calculate the remainder when 17158252 is divided by 464.
460
What is the remainder when 428590 is divided by 729?
667
Calculate the remainder when 127740 is divided by 94.
88
What is the remainder when 410353 is divided by 406367?
3986
Calculate the remainder when 598545 is divided by 119429.
1400
What is the remainder when 16815205 is divided by 2402157?
106
What is the remainder when 2276734 is divided by 1961?
13
What is the remainder when 18208 is divided by 5746?
970
Calculate the remainder when 9077196 is divided by 880.
876
Calculate the remainder when 253336 is divided by 446.
8
What is the remainder when 4079998 is divided by 40?
38
What is the remainder when 700793 is divided by 2358?
467
Calculate the remainder when 2361624 is divided by 5775.
5424
What is the remainder when 26791 is divided by 483?
226
What is the remainder when 462167 is divided by 2597?
2498
What is the remainder when 411120000 is divided by 6659?
6658
Calculate the remainder when 126462157 is divided by 524.
521
What is the remainder when 215961 is divided by 896?
25
Calculate the remainder when 374465660 is divided by 274.
272
Calculate the remainder when 88373281 is divided by 622347.
7
Calculate the remainder when 571679 is divided by 12427.
37
Calculate the remainder when 2453739 is divided by 302.
291
Calculate the remainder when 7794727 is divided by 15.
7
Calculate the remainder when 5009080 is divided by 6661.
8
Calculate the remainder when 69027 is divided by 1329.
1248
What is the remainder when 30706358 is divided by 10318?
10308
What is the remainder when 79953 is divided by 1677?
1134
Calculate the remainder when 21029 is divided by 6435.
1724
What is the remainder when 1907182 is divided by 214?
14
What is the remainder when 119430164 is divided by 63?
56
What is the remainder when 1955091 is divided by 1709?
1704
What is the remainder when 1406889 is divided by 52?
29
What is the remainder when 13062035 is divided by 1255?
1250
Calculate the remainder when 3794175 is divided by 5680.
5615
Calculate the remainder when 1787837 is divided by 11993.
880
What is the remainder when 201808 is divided by 40350?
58
Calculate the remainder when 915684939 is divided by 674.
671
What is the remainder when 53621942 is divided by 924516?
14
Calculate the remainder when 2649695 is divided by 3456.
2399
What is the remainder when 344122 is divided by 114685?
67
What is the remainder when 2397801 is divided by 398?
249
Calculate the remainder when 43020 is divided by 3912.
3900
What is the remainder when 33848427 is divided by 162?
147
Calculate the remainder when 8885944 is divided by 815.
814
Calculate the remainder when 12998114 is divided by 5721.
2
Calculate the remainder when 2763270 is divided by 739.
149
Calculate the remainder when 3058584 is divided by 74.
16
What is the remainder when 117168 is divided by 4192?
3984
Calculate the remainder when 1526906 is divided by 2536.
234
Calculate the remainder when 802694 is divided by 251.
247
What is the remainder when 3576857 is divided by 32?
25
What is the remainder when 432267245 is divided by 14?
11
What is the remainder when 46993489 is divided by 136213?
4
What is the remainder when 65798 is divided by 13105?
273
What is the remainder when 173944 is divided by 1123?
1002
What is the remainder when 433018 is divided by 4774?
3358
What is the remainder when 449253 is divided by 11817?
207
What is the remainder when 47503665 is divided by 3956?
17
Calculate the remainder when 36238 is divided by 392.
174
Calculate the remainder when 4742568 is divided by 1392.
24
What is the remainder when 64467 is divided by 210?
207
What is the remainder when 126752 is divided by 21049?
458
Calculate the remainder when 200854951 is divided by 639.
637
Calculate the remainder when 342719 is divided by 9195.
2504
What is the remainder when 15640330 is divided by 1784?
2
Calculate the remainder when 1410986 is divided by 470316.
38
What is the remainder when 1252112436 is divided by 40?
36
What is the remainder when 97211155 is divided by 19904?
19
What is the remainder when 395676170 is divided by 640?
10
What is the remainder when 683109 is divided by 1460?
1289
Calculate the remainder when 41756174 is divided by 1586.
1552
What is the remainder when 13609851 is divided by 439027?
14
What is the remainder when 136611824 is divided by 2239538?
6
What is the remainder when 855607 is divided by 427801?
5
Calculate the remainder when 324609 is divided by 1234.
67
What is the remainder when 10325626 is divided by 3435?
16
What is the remainder when 754415 is divided by 464?
415
What is the remainder when 7963613 is divided by 542?
7
What is the remainder when 19236466 is divided by 108070?
6
Calculate the remainder when 16620213 is divided by 3324040.
13
Calculate the remainder when 1035318 is divided by 14377.
174
What is the remainder when 487524 is divided by 1766?
108
Calculate the remainder when 19241295 is divided by 4192.
15
Calculate the remainder when 201989 is divided b